/28). Suppose 0 = -s*h - v*l + 47, 2*h - 60 = -3*h + 4*l. What is the remainder when 47 is divided by h?
15
What is the remainder when 29 is divided by 24 + ((-15)/(-21) - 1)*(-6 + -1)?
3
Let q be (11/(-44))/((-4)/(-16)). Suppose -5*h - 7 + 82 = 0. What is the remainder when (-112 - q)/((-125)/10 + 11) is divided by h?
14
Suppose 0 = -9*j - 9*j + 169 + 641. Calculate the remainder when 4004 is divided by j.
44
Suppose 2*h = -4*v + 3*v + 86, v = -3*h + 86. Let w = -3361 - -3277. Let a = w + v. Calculate the remainder when 18 is divided by a.
0
Suppose -788 = -5*d + n, 285*n - 284*n = 4*d - 630. Suppose -5*b + 150 + 55 = 0. What is the remainder when d is divided by b?
35
Let r be 1 - (1245/(-65) - (-4)/26). Calculate the remainder when 87 is divided by (-12)/(-1) + r/20.
9
Suppose 478*k - 354532 = 4446. What is the remainder when k is divided by 36?
31
Let o be (28/(-8))/((-5)/340). Suppose -14*n = -21*n + o. Calculate the remainder when 131 is divided by n.
29
Let o(u) = 2*u**2 - 52*u + 13. What is the remainder when (-4)/1 + (-144)/40*-25 is divided by o(26)?
8
Suppose 9*z + 310 = -266. Suppose 2*o = 4*o - 148. Let y = o + z. What is the remainder when 26 is divided by y?
6
Suppose 5*n - 1231 = -2*y, -1685*y + 1690*y - 1225 = -5*n. Let z(o) = -o**2 - 10*o - 6. What is the remainder when n is divided by z(-6)?
13
Let w = 44 + -12. Let h be (-204)/(-2) + -9 + 5. Suppose -2*s + w = -b, 2*s = -3*s - 2*b + h. Calculate the remainder when 34 is divided by s.
16
Suppose d + 5*r - 62 = 2*r, -5*d = 5*r - 300. Let s(l) = l**3 - 5*l**2 + 4*l + 16. Calculate the remainder when d is divided by s(4).
11
What is the remainder when 9161 is divided by 21/(-147) + (-40)/14 + 90/10?
5
Let f = -187 - -154. Let j = f + 80. Calculate the remainder when j is divided by -2 + 0 - -11 - -3.
11
Let w = 4093 + -3675. What is the remainder when 1262 is divided by w?
8
Let r(l) = -28*l - 259. Let y be r(7). Let m = y + 501. Calculate the remainder when 412 is divided by m.
44
Suppose 3*p = -9*f + 8*f + 870, f = -2*p + 580. Let c = p - 20. What is the remainder when c is divided by 13?
10
Let t(i) = 84*i + 252. Calculate the remainder when t(3) is divided by 147.
63
Let h(q) be the third derivative of q**5/60 - 17*q**4/24 + 4*q**3/3 - 36*q**2. What is the remainder when h(25) is divided by 19?
18
Let p = 41653 + -40743. What is the remainder when p is divided by 80?
30
Let s(h) be the second derivative of h**4/12 + 31*h**3/6 - 125*h**2/2 + 75*h. Calculate the remainder when s(-38) is divided by 71.
70
Let j = 994 + -967. Calculate the remainder when 971 is divided by j.
26
Suppose -455 = 4*v - 451. Let g = 60 - v. Calculate the remainder when 214 is divided by g.
31
Let v = -16528 + 17418. Calculate the remainder when v is divided by 229.
203
Let y = 4512 - 3900. What is the remainder when y is divided by 62?
54
Let f be 1/5*1 - 399/(-5). Let m = 109 - f. Calculate the remainder when m is divided by 7.
1
Suppose -3*q = 2*w + 2*q + 13, 1 = 4*w + q. Suppose 84 = 75*g - 96*g. Calculate the remainder when 13 is divided by w*3 - (-3 + g).
3
Let a = 83 - 59. Let o(i) = -i**2 - 12*i + 29. Let b be o(-16). Let z = b + 44. Calculate the remainder when a is divided by z.
6
Let k(d) = -2*d**3 + 9*d**2 + 8*d + 1. Let l be k(5). Suppose -21*p = -l*p - 675. Suppose -14*x = x - p. Calculate the remainder when 114 is divided by x.
6
Let l(f) be the first derivative of -f**4/4 + 17*f**3/3 + 10*f**2 - 31*f - 36. Let q = 6 + 3. What is the remainder when q is divided by l(18)?
4
Let h be 977 + 2 + (3 - 8). Let x(w) = -h + 8*w + w + w + 936. What is the remainder when x(6) is divided by 5?
2
Let b = 10149 - 9562. What is the remainder when b is divided by 285?
17
Let d(a) = 5*a + 5. Let h be d(13). Let j = h - 64. Calculate the remainder when 30 is divided by (52/j)/(4/6).
4
Let r be (0 - (-3)/(-2))*-2. Let q be (-8)/(-4 - (1 - r)). What is the remainder when 58 is divided by 16/8 + q + 0?
4
Let v = -47 + 37. Let t be -1 - (3 + 1*v). Suppose 781 = t*u + 175. Calculate the remainder when u is divided by 34.
33
Suppose -5*p + 16 = 4*w - w, 8 = 5*p - w. Let f(i) = 53*i - 305. Let g be f(27). Let t = 1134 - g. Calculate the remainder when t is divided by p.
0
Let l(v) = -3*v**2 - 44*v + 6. Calculate the remainder when 476/1 - (-10)/(-5) is divided by l(-14).
32
Suppose g - 4 = -3*x + 18, 0 = -4*g - 32. What is the remainder when 5302 is divided by x?
2
Suppose -4087*u + 4083*u = -120. Calculate the remainder when u/3*42/12 is divided by 24.
11
Let o(v) = v**2 - 82*v - 268. What is the remainder when o(92) is divided by 183?
103
Let h = -234 + 204. Let k = h + 38. What is the remainder when 53 is divided by k?
5
Suppose 8*o + 11*o - 8659 = -8051. Calculate the remainder when 363 is divided by o.
11
Suppose -68*c = -65*c + 15. Let u(p) = -15*p - 3. Let y(w) = -31*w - 7. Let h(g) = c*u(g) + 2*y(g). Calculate the remainder when h(1) is divided by 9.
5
Let j(t) = -3*t**3 - t - 2 + 3*t**3 - 2*t**2 + 2*t**3 + 3. Suppose 2*h = 4*q - 2*q - 14, 3*q = -3*h + 9. What is the remainder when j(2) is divided by q?
2
Let q = 966 + -674. What is the remainder when q is divided by 37?
33
Suppose 913*s - 28717 = 900*s. What is the remainder when s is divided by 17?
16
Let l(u) = 360*u**2 - 14*u + 20. What is the remainder when l(1) is divided by 41?
38
Let k(t) be the second derivative of -t**3/3 - 4*t**2 - 14*t. Let g be k(-4). Let b(h) = -2*h + 11. Calculate the remainder when 42 is divided by b(g).
9
Suppose 0*p - 465*p + 334020 = 105*p. Calculate the remainder when p is divided by 154.
124
Let m = 1046 + -718. Calculate the remainder when m is divided by 25.
3
Calculate the remainder when 7576/5 - (176/330 - 4/12) is divided by 44.
19
Suppose -l + 3*z + 13 = 0, 5*l + 2*z - 1 = -4. Calculate the remainder when 51 - ((5 - 2) + l + -5) is divided by 5.
2
Suppose -3*r = v - 6, 2*r = 7*v - 3*v - 52. Suppose 0 = -4*g - 20, 0 = -2*m + 390*g - 386*g + 156. Calculate the remainder when m is divided by v.
8
Let x = 240 - 139. Let h = 12 - 6. Suppose 34 = h*t - 68. What is the remainder when x is divided by t?
16
Let s(u) = -30*u + 3202. What is the remainder when s(104) is divided by ((-6)/(-10))/((-1)/(-20))?
10
Let i(z) be the third derivative of -5*z**4/24 + 5*z**3/6 - 78*z**2. What is the remainder when i(-3) is divided by 7?
6
Suppose -3*d + 0*s = -2*s - 20, -4*s = d + 12. Suppose 0*t + 24 = d*q + 2*t, -t = -q + 9. Calculate the remainder when 115 is divided by q.
3
Suppose 0 = s - 10 - 8. Let m = -17608 - -17642. Calculate the remainder when m is divided by s.
16
What is the remainder when 200/(-1 - -11)*((-1005)/(-10) - 3) is divided by 3?
0
Let r(t) = -26*t**2 + 213*t + 16. Calculate the remainder when 498 is divided by r(8).
50
Let t = -490649 + 490693. Let u = 114 + -75. Let d = u + -27. What is the remainder when t is divided by d?
8
Let t be 16/(-56) + (-36)/21. Calculate the remainder when 78 is divided by 44 + t/(6/6).
36
Let r = 189247 - 189079. Let z(a) = -14*a - 1. Calculate the remainder when r is divided by z(-1).
12
Suppose 37*j - 4*j + 92*j = 22375. Calculate the remainder when 270 is divided by j.
91
Let o(r) = 16*r - 270. Let t be o(17). Suppose -5*k + d + 397 = 0, d - 85 - 71 = -t*k. Calculate the remainder when 312 is divided by k.
75
Let w(b) = 87*b**2 + 900*b - 53. Calculate the remainder when w(-11) is divided by 12.
10
Suppose 7*c - 1428 - 2149 = 0. Let k = c - 390. What is the remainder when k is divided by 63?
58
Let l be (-8)/64 - (-483)/24. Let i be (64/l)/((-6)/(-135)). Suppose -6*o - i = -4*n - 3*o, 2*n = 5*o + 22. What is the remainder when 40 is divided by n?
19
Let c(z) = 2*z + 40. Let o be c(-12). Suppose -4*l - 4*y = -o, -5*l - 10 = -9*l + 2*y. Suppose -4*k + 10 = 2. What is the remainder when l is divided by k?
1
Let x(n) = 7075*n**2 + 17*n + 4. What is the remainder when x(-1) is divided by 3?
0
Let b = -11776 + 11802. What is the remainder when 909 is divided by b?
25
Suppose 2*l = 5*f - 146, 0 = 5*f + 3*l - 77 - 79. Let s = 42 - f. What is the remainder when 56/3*(0 + s/8) is divided by 15?
13
What is the remainder when ((-924)/(-6))/(12 - (-1965)/(-165)) is divided by 15?
14
Let u(r) = -12*r**3 - 6*r**2 + 5*r + 14. Suppose -7*f - 5*f - 24 = 0. What is the remainder when u(